+ 2. Let m(n) = 2*n - n**s + 2*n**2 - 17 + 14. What is m(r)?
12
Let k(c) be the third derivative of -2*c + 6*c**2 + 0 + 1/24*c**4 - 1/6*c**3. Suppose -29*g + 32*g = 0. What is k(g)?
-1
Suppose 0 = -6*l - 0*l. Suppose l = -4*w + 98 - 26. Suppose p = 3*k - w, 3*p - 3*k + 29 = k. Let v(h) = 2*h**2 + 5*h + 4. Give v(p).
7
Let x = 3585 + -3601. Let t(a) = a**2 + 12*a - 27. Give t(x).
37
Suppose 3*u + 2*u = -5*p - 55, p = -4*u - 26. Let w be (0 + 3/p)*-8. Suppose 5*j - w*j = -7. Let v(s) = -s**3 - 7*s**2 - 3. Give v(j).
-3
Suppose 12*h + 702 - 678 = 0. Let b(p) = -p + 4. Let c(j) = 2*j - 4. Let o(s) = 5*b(s) + 4*c(s). Calculate o(h).
-2
Let s(w) = 5*w**2 + 5*w + 2. Let d(u) = 12*u - 9. Let n be d(1). Suppose -5*j - 15 = -4*b, j + 6 - n = 2*b. Determine s(j).
32
Let r(q) = q**2 - q. Suppose -4*g + 2 = 3*h, 2*g + 0*g = 2*h + 8. Let u(c) = -2*c + 6. Let s be u(g). Suppose 7*a + s*a = 2*a. Give r(a).
0
Let o(i) = 3*i**2 + 4*i + 2. Let v be (-1)/(-6)*38 + (-16)/(-24). Suppose -8 = -3*k + v*a - 3*a, 2*k = -a - 2. Let w be (-2)/2 - (0 - (k + -1)). What is o(w)?
6
Let m(a) = 297*a - 301. Let b be m(1). Let w(x) = -2*x**3 - 6*x**2 + 9*x + 11. Determine w(b).
7
Let p(v) = 21*v. Suppose -10*r - 4*n = -15*r + 31, -2*n + 30 = 4*r. Suppose -10 = r*z - 17. Give p(z).
21
Let a = 174 + -576. Let f = a + 412. Let z(u) = u + 3. Determine z(f).
13
Let j(i) be the second derivative of -i**2 + 10 - 5/3*i**3 + 9*i. What is j(-2)?
18
Let a(o) = -8*o - 261. Let r be a(-34). Let j(c) = -5*c**2 - 1 + 5 + 9*c - 2 + r*c**2 - 7*c**2. Give j(9).
2
Let z(j) = j**2 - 13*j - 21. Let y be z(15). Let w(l) = 14 - y + 6*l + 6 - 3*l. Give w(-6).
-7
Let y(m) = 7*m**2 - 44*m - 48. Let p(h) = -10*h**2 + 63*h + 71. Let f(b) = -5*p(b) - 7*y(b). Determine f(11).
25
Let n(c) = -72 - 11*c - 62 + 162 - 2*c. Give n(3).
-11
Let d be 3 + 1 - 9/3 - -2. Suppose -d*z - 3 - 6 = -m, -2*z = 10. Let x(b) = -b**2 - 5*b - 4. Determine x(m).
-10
Suppose 5*b = b + 20. Let o(w) = 0*w**3 - w**2 - 5590*w + w**3 + 2766*w - 4*w**2 + 2824*w - 3. What is o(b)?
-3
Let h(d) = -6*d - 2 + 3 - 2*d**2 - d**3 + 9*d**2. Let k(l) be the first derivative of 2*l**3/3 + 11*l**2 + 66*l - 145. Let z be k(-5). What is h(z)?
1
Suppose 4*m = -0 + 8. Let j(d) = m*d + 9 - 3 - 8. Let z(g) = 3*g**2 - 2*g + 2. Let y be z(1). Give j(y).
4
Let q(t) = 20*t - 1207. Let j(i) = 39*i - 2250. Let w(a) = -6*j(a) + 11*q(a). Determine w(17).
-15
Let p(t) = -60*t + 1260. Let d be p(21). Let c(l) be the first derivative of 42 + d*l - 1/2*l**2. Determine c(-3).
3
Let m(r) = 3*r**2 + 12*r + 11. Let y be 60/25*13/104*-20. Determine m(y).
47
Let l(w) be the second derivative of 0*w**2 + 1/3*w**3 + 235*w + 0. Let p be -3 + -1*(0 + -1). Calculate l(p).
-4
Let a be (9/(-27))/((-2)/18) + 2. Let b(u) = u**3 - 6*u**2 + 7*u - 6. Let m be b(a). Let t(p) = -2*p - m - 9*p + 8*p + 4*p. Give t(3).
-1
Let a(d) = 2*d - 8. Suppose -3*f + 9 + 6 = 0. Let o be a(f). Let i(z) = 2*z**2 - 3*z**o + 6 - 1 - 6*z + 2*z**2. Calculate i(6).
5
Let d(y) = y - 4. Let h be 594/14 - (-40)/70. Let n = -18 + h. Suppose -229*g = -234*g + n. Calculate d(g).
1
Let y(d) = -d**3 - 22*d**2 + 22*d - 20. Let v be y(-23). Let l(c) = 27*c**v + 4*c**2 - 1 - 28*c**3 - 7*c + 6*c. Give l(3).
5
Let b(s) = s**3 - 7. Let a = -3351 - -3351. What is b(a)?
-7
Let z = 43 - 173. Let g = 132 + z. Let k(u) = 2*u**2 + 7*u. Let q(b) = b**2 + 4*b. Let w(t) = -6*k(t) + 10*q(t). Give w(g).
-12
Suppose 7*m = 27*m - 100. Let w(a) = -13*a - 26. Let d(i) = 8*i + 17. Let v(x) = m*w(x) + 8*d(x). Calculate v(4).
2
Let o(b) = 30*b**3 + 8*b**2 + b + 4. Let h(n) = -23*n**3 - 7*n**2 - 4. Let w(x) = -4*h(x) - 3*o(x). Calculate w(3).
85
Let w be (-54)/(-8)*3*4/3. Let i be 0 + w/15 + 7/35. Let k(p) = p - 4*p**3 + 2*p - 12*p**2 + 15*p**i + 3*p**3 + 4. Determine k(4).
0
Let k(r) = -6*r. Let i = 192 - 109. Let q = i + -91. Calculate k(q).
48
Let u(q) be the first derivative of 12*q + 1/2*q**2 + 7 - 1/2*q**4 - 1/20*q**5 - 5/6*q**3. Let r(m) be the first derivative of u(m). What is r(-4)?
-11
Let p(h) = 18*h**2 - 53*h + 880. Let s(z) = -5*z**2 + 16*z - 293. Let i(t) = -2*p(t) - 7*s(t). Determine i(-20).
11
Let r(k) = k**2 + 3*k - 1. Suppose -142 = -4*m + 70. Let l(x) = -6*x**2 + 398*x - 83. Let a be l(66). Let p = a - m. Calculate r(p).
3
Let p be 12/(-3)*-7 + (3/(-3) - 6). Let m(a) = -4*a + 87. Calculate m(p).
3
Let v(o) = -29 - 3*o + 91 - 32 - 24 + 2*o. Determine v(-6).
12
Let y(d) = -d - 3. Let i be (-304)/304*(2 + -1). What is y(i)?
-2
Let v(m) = -17*m + 14 - 10*m + 26*m - 7*m. Give v(2).
-2
Let o(b) = -b**2 + b + 1. Let g(m) = -m**3 - 4*m**2 + 10*m + 8. Let q(i) = g(i) - 2*o(i). Let f(p) = -p**2 - 31*p + 61. Let n be f(2). Calculate q(n).
41
Let c(t) = t**3 + 2*t**2 - 2*t. Let a(o) = 5*o**3 + 9*o**2 - 16*o - 3. Let s(x) = a(x) - 6*c(x). Suppose 2*j - 2 = -6. Determine s(j).
1
Suppose 3*x + 8*i = 4*i - 20, 5*x + 2*i = -52. Suppose -10*r = -86 - 274. Let q be (-186)/r + (-2)/x. Let h(p) = -p**2 - 4*p + 3. Calculate h(q).
-2
Let p(r) = 5*r**2 - 11*r - 1. Let y(m) = 3*m**2 - 8*m - 1. Let t(n) = -3*p(n) + 4*y(n). Let s be -4*(4 + (-85)/20). Give t(s).
-3
Let o(n) be the second derivative of -13*n**3/6 + 77*n**2/2 + 40*n + 10. Determine o(6).
-1
Suppose -3*y - 1694*v - 13 = -1693*v, v = -2*y - 11. Let l(j) = 11*j**2 + 4*j + 8. Give l(y).
44
Suppose 203 = 9*h + 23. Let d(n) = 48*n - 14*n - h*n - 5 - 15*n. Determine d(5).
-10
Let t be ((-1 - -4) + -1)*1. Let n(q) = 42*q**3 - 317*q**2 - 59*q - 25. Let a(i) = -5*i**3 + 38*i**2 + 7*i + 3. Let f(j) = 25*a(j) + 3*n(j). Give f(t).
0
Suppose 2*h + 2*h = 4*f - 20, 2*f + h = 10. Let w(j) = -4*j - f + 9 - 2*j + j**2 - 2*j**2. Let o(l) = -5*l + 31. Let v be o(7). Give w(v).
12
Let r(m) = -17*m**3 + 5*m**2 + 13*m + 33. Let a(c) = 5*c**3 - 2*c**2 - 4*c - 10. Let s(w) = -7*a(w) - 2*r(w). Give s(5).
-11
Let n(h) be the first derivative of h**6/120 - 7*h**5/60 - h**4/12 + 4*h**3/3 + 3*h**2/2 + 19*h - 60. Let t(o) be the second derivative of n(o). Calculate t(7).
-6
Let q(w) = -14*w + 28. Let k be q(-6). Let c = k + -107. Let y(g) = 2*g - 4. Give y(c).
6
Let c(r) be the first derivative of 3*r**4/4 + 5*r**3/3 - 5*r**2/2 + r - 3098. Determine c(1).
4
Suppose -l + 5 = -0*l. Let z be (-84)/(-7)*(1 + (-3)/(-12)). Let w(n) = 13*n + z*n - 45*n + 16*n + 7. What is w(l)?
2
Let q(a) = 10*a + 15. Let u(d) = -5*d - 7. Let j(t) = -2*q(t) - 5*u(t). Let g(b) = -3*b - 2. Let l(r) = 7*g(r) + 4*j(r). Let m = 966 + -958. What is l(m)?
-2
Let r be (10/8)/(9/36). Suppose 18 = 5*t - r*f + 3, t - 2*f - 2 = 0. Suppose -10 = 3*w + t*o, 6*o - o = 4*w + 34. Let y(q) = 2*q + 5. Determine y(w).
-7
Let v(y) = -y + 6. Let n be 9/15 + 2/5. Let l(i) = -1. Suppose -2*k = -2*x + 11 + 9, -2*k - 35 = -5*x. Let w(d) = n*v(d) + x*l(d). Give w(-2).
3
Let k(t) = t**3 + 3*t**2 - 3*t - 12. Let i be 3/21 - (-684)/133*-1. Calculate k(i).
-47
Let j(d) = -124*d + 66. Let o(q) = -27*q + 17. Let n(v) = -2*j(v) + 9*o(v). Calculate n(-8).
-19
Suppose 0 = 4*p - 4*k - 48, -72*k + 73*k = -6. Let w(l) be the third derivative of 0*l + 0 - p*l**2 + 1/12*l**4 + 3/2*l**3. Calculate w(-8).
-7
Let t(q) be the second derivative of -q**5/10 + q**4/4 - 2*q**2 - 331*q + 2. Determine t(2).
-8
Let b be 64/96*(4 + -1). Let r(i) be the first derivative of -14 - 1/4*i**4 + 7/3*i**3 + 2*i - 1/2*i**b. Determine r(7).
-5
Let z(x) = -155*x**2 + 56*x - 13. Let c(t) = -121*t**2 + 42*t - 10. Let v(b) = -9*c(b) + 7*z(b). Give v(-5).
29
Let o(t) = 4*t - 5. Let r(q) = -7*q**2 + 10*q - 7. Let d be r(1). What is o(d)?
-21
Let a(v) be the first derivative of v**2/2 - v - 53. Let n(i) = -2*i**2 + i + 1. Let x(o) = 2*o**2 - 25*o - 13. Let g be x(13). Let t be n(g). Give a(t).
0
Suppose -4*z = 2*o + 10 - 32, 2*z = -2*o + 6. Suppose 0 = z*i + i - 99. Let b(w) = -w**3 + 10*w**2 + 11*w - 8. Determine b(i).
-8
Let o(l) be the first derivative of -l**3/3 - 20*l**2 - 116*l - 159. Let x be o(-37). Let d(g) = 4*g + 14. Determine d(x).
-6
Suppose -4*d = 5*f + 38, f = 6*d - 9*d - 12. Let i(n) = -12*n - 37. Calculate i(f).
35
Let x = 930 + -938. Let a(r) = 6*r**2 + 49*r + 13. Calculate a(x).
5
Suppose 0 = 46*a - 45*a - 10. Let p(x) = a + 3 - x - 1. Suppose -14 = -5*u + 31. What is p(u)?
3
Let j(c) = 8*c**2 + 86*c + 4*c**2 + 1176111 - 1176095. Calculate j(-7).
2
Suppose -2*c + q + 32 = c, 3*c = 